= v + c. What is the units digit of k?
1
Let j(f) = -f**3 - 10*f**2 - 2*f - 6. What is the units digit of j(-10)?
4
Let i = 6 + -1. Let x(a) = a**2 - 2*a - 1. What is the units digit of x(i)?
4
Let o = 127 - 14. What is the hundreds digit of o?
1
Suppose 0 = 5*p - 3*p - 8. Let m be p*(-2 + 3)*-1. Let k(h) = h**2 + 2*h - 2. What is the units digit of k(m)?
6
Suppose -2*z + 26 + 4 = 0. What is the tens digit of z?
1
Let o(u) be the third derivative of -2*u**2 + 1/24*u**4 + 0 + 0*u + u**3. What is the units digit of o(-5)?
1
Let n be 44/12 + 1/3. Suppose 0*x - 4 = -n*x. Suppose 3*h = 3*v - x - 38, -1 = -h. What is the tens digit of v?
1
Let l(k) = k**3 + 6*k**2 - 5*k - 8. What is the tens digit of l(-6)?
2
Let v = -14 + 17. Suppose 0 = -0*s + v*s + 2*c + 7, -s - 3*c = 14. What is the units digit of s?
1
Suppose 0 = 3*l - l - 112. Suppose 0 = -5*j + 16 - l. What is the units digit of 8/12*(1 - j)?
6
Let t(y) = -2*y**3 - 10*y**2 - 3*y - 3. What is the units digit of t(-5)?
2
What is the tens digit of 4 - (-2 - -8)*-3?
2
Suppose -3*h = -2*h - 5*a - 22, 2*h - 20 = 4*a. Let x be (-22)/(-6) - (-4)/(-6). Suppose -y - h = -q, -x*y = -2*q - 1 + 2. What is the units digit of y?
3
Suppose 0 = -4*u + 2*t + 16 + 4, 5*t + 20 = 0. Suppose 14 = a - u*h + 4, 5*a - 76 = 2*h. What is the tens digit of a?
1
Let k = 32 - 26. What is the units digit of k?
6
Suppose 155 = -0*c + 5*c. What is the units digit of c?
1
Let w(q) = 2*q**2 - 3*q - 2. What is the units digit of w(-2)?
2
Let v = 40 - 24. What is the tens digit of v?
1
Let v = -6 + 9. Suppose v*c - t - 29 = -5*t, c - 13 = -2*t. What is the units digit of c?
3
Let n be 60/(-25)*10/(-4). Suppose 13 = -5*k - 3*t + 4, 0 = 4*k + 4*t + 4. Let y = n + k. What is the units digit of y?
3
Let g be -1 - (1 - (-2)/(-1)). What is the units digit of (g/(-1) - -3) + 22?
5
Suppose -32 = -2*c + 4*c. Let x = c - -26. What is the tens digit of x?
1
Suppose 0 = -o - 25 + 56. What is the tens digit of o?
3
Suppose 3*q + 867 = 5*z, -5*q = z - 4*q - 175. What is the tens digit of z?
7
Suppose -o + 3 + 44 = 0. What is the tens digit of o?
4
Let b = -5 - -3. Let y be (0 - -3)*(b - -1). Let a(f) = -f**3 - 3*f**2 + 3. What is the units digit of a(y)?
3
Let a(p) = -p**3 - 3*p**2 - 3*p - 3. Suppose 5*j + 3 = 4*j. Let n be a(j). What is the units digit of 2*1*9/n?
3
Let l(z) = -z**2 - 3*z - 1. Let g be l(-2). What is the tens digit of (g + -15)/(-2 - -1)?
1
Suppose 4*x + 2*b + 32 = -0*x, 1 = -x + 3*b. Let m = 23 + x. What is the tens digit of m?
1
Suppose 3*m - m + 2 = 0, -4*j - 4*m + 92 = 0. Let y = 35 - j. What is the tens digit of y?
1
Let r(u) be the third derivative of 1/120*u**6 - 1/24*u**4 - 1/12*u**5 + 0 + 7/6*u**3 + 0*u + u**2. What is the units digit of r(5)?
2
Let y(k) = k**2 - 4. Let p be y(3). Suppose 0 = -p*h + 45 + 35. What is the tens digit of h?
1
Suppose 0 = 32*g - 31*g - 64. What is the tens digit of g?
6
Let k(l) = -l**2 + 6*l - 4. Let u be k(5). Suppose -7 + u = -q. What is the units digit of q?
6
Suppose -101 = -n + 54. What is the tens digit of n?
5
Let d(t) = -t**3 + t**2 - t + 6. Let k(r) = r - 2. Let l(i) = 2*i - 4. Let p(f) = -5*k(f) + 2*l(f). Let g be p(2). What is the units digit of d(g)?
6
What is the tens digit of -1 - (-32 + 4/4)?
3
Let l(i) = -i**3 - 2*i**2. Suppose y - 3*y = 6. What is the units digit of l(y)?
9
Let o(y) = 4*y - 4. Let c be o(-3). What is the tens digit of (7/(7/c))/(-1)?
1
Let a(i) = 14*i**2 - i - 1. Let v be a(-1). Suppose 2*t = 8 + v. What is the tens digit of t?
1
Let c(i) = -82*i - 1. What is the tens digit of c(-1)?
8
Suppose 0 = -4*f + 3*v + 447, v + 48 = 2*f - 177. What is the hundreds digit of f?
1
Suppose -3*l + i + 3 = 0, -2*l + 1 = -5*i - 1. Let t be (-4)/(l/(3/2)). Let g = t - -10. What is the units digit of g?
4
Let y = -3 + 4. Suppose 5*q - 21 = -4*o - y, q - 4 = -o. What is the units digit of q?
4
Suppose -o + 141 = 2*o. What is the units digit of o?
7
Suppose 5*x + 23 = 343. Let w = -36 + x. What is the tens digit of w?
2
Let q(t) = -t - 1. Let d(y) = 5*y + 2. Let b(m) = -d(m) - 4*q(m). What is the units digit of b(-6)?
8
Suppose -3 = -8*c + 7*c. Suppose -5*i = -4*u - 81, -5*i - u - 2*u + 88 = 0. Suppose w + 7 = 4*d + i, 2*d = c*w - 20. What is the units digit of w?
6
Let p = -176 - -302. What is the hundreds digit of p?
1
Let j(b) = -11*b**2 - b. Let s be j(1). Let y be (s/(-30))/((-1)/(-5)). Suppose -3*n = y*n - 80. What is the tens digit of n?
1
Let n(h) = -10*h - 32. What is the tens digit of n(-13)?
9
Suppose -5*i + 27 = 2*r, 9 - 3 = i + r. What is the units digit of i?
5
Suppose 5*x - 637 = 48. What is the units digit of x?
7
Let z = 7 + -5. Let p(j) be the first derivative of j**4/4 + j**3/3 - j**2 - j - 6. What is the units digit of p(z)?
7
Let p be (-8)/20 + 24/10. What is the tens digit of p - 0 - (-26)/2?
1
Suppose -3*b + 0*j + 99 = -4*j, -5*b - j = -142. What is the units digit of b?
9
Suppose -4*r + 4 = -2*r. What is the units digit of r?
2
Let n be 244/(-10) - 6/10. Let c be (n/3)/((-3)/(-9)). Let m = -11 - c. What is the tens digit of m?
1
Let h(c) = -3*c**2 + 4*c - 4. Let a(m) = 8*m**2 - 13*m + 12. Let z(t) = 4*a(t) + 11*h(t). What is the tens digit of z(-6)?
1
Suppose 7*v = d + 2*v - 125, 5*v = -4*d + 500. What is the units digit of d?
5
Let v be (-4)/(-2)*135/(-10). Let q = -2 - v. What is the units digit of q?
5
Let q = -49 - -61. What is the units digit of q?
2
Suppose -9*k - 1335 = -3432. What is the tens digit of k?
3
Suppose -4*b + 11 = 3*a, 2*a = 5*b - 1 - 7. Suppose g = -b*k + 8, g - 5*k + 29 = 5*g. What is the units digit of g?
6
Suppose -2 = -5*o + 8. Suppose o*m + 0*m = -8. Let y = m + 5. What is the units digit of y?
1
Let p = 4 - 5. Let z = p + 0. What is the units digit of (0 - -7 - z)*1?
8
Let s(n) = n**3 + 9*n**2 + 5*n + 7. What is the units digit of s(-7)?
0
Suppose -3*c + 135 = -0*c. Let t = 68 - c. What is the units digit of t?
3
What is the units digit of 2064/54 + 4/(-18)?
8
Suppose -3*z + 16 = 4*t + z, t + 2*z = 4. Suppose -6 = h + 4*b, 0*b - t = -3*h - b. What is the units digit of h/6 - (-17)/3?
6
Suppose 0*j - 5 = -j. Suppose k + 4*q - j = 0, 5*q + 15 = 2*k - 8. What is the units digit of k?
9
Suppose 1 = -3*w + 4*f - 11, 3*f = -5*w + 9. Suppose w = l + l - 30. What is the tens digit of l?
1
Let z be (6/4)/((-2)/(-4)). Let m(c) = -c - 1. Let n be m(-6). Suppose n*s = z*l + 29 - 6, -2*l + 6 = 2*s. What is the units digit of s?
4
Suppose i + 51 = -2*v + 16, 0 = -4*v + 5*i - 105. What is the tens digit of (4 - 19/4)*v?
1
Suppose -9 = -4*c - 1. Suppose -c*v - 45 = -7*v. What is the units digit of v?
9
Let h(i) = i**3 + 8*i**2 - i - 3. Let o be h(-8). Suppose 4*v + 5*g = -0*v + 14, -o*g + 10 = 0. Suppose 0 = -r + v + 3. What is the units digit of r?
4
Suppose -o + 11 = -3*v, -4*o - 4*v - 3 = 1. Suppose -5*l + o = -3*l. What is the units digit of l?
1
What is the hundreds digit of (5 + 1614/(-6))/(3/(-2))?
1
Suppose 3*f + 48 = -u + 265, -367 = -5*f - 3*u. What is the tens digit of f?
7
Suppose h - 20 = -3*h. What is the units digit of h?
5
Suppose 1 = 4*r - 7. Suppose 15 = y + r*y. What is the units digit of y?
5
Let h(u) = 2*u**3 - 4*u**2 + 3*u - 1. Let v be h(2). Suppose x - 30 = v*a, -x - a = -3*a - 24. What is the tens digit of x?
2
Suppose -390 = -5*u - u. What is the tens digit of u?
6
Let s = -43 - -119. What is the tens digit of s?
7
Suppose -4*l + 0*a - 2*a = -18, -a - 12 = -5*l. Let p = l - 0. What is the units digit of p?
3
Let r = 7 - -2. What is the units digit of 6 + 3/(r/(-6))?
4
Let g = -5 - -8. Let z = -8 + g. Let m = z - -7. What is the units digit of m?
2
Suppose -6*j + j = -80. What is the tens digit of j?
1
Let q(n) = -n**3 - 4*n**2 + 4*n**3 - 3*n**3 + n**3 + 4 - 5*n. Let k be q(5). Suppose 0 = r + k*h - 28, 6*r - 5*h - 28 = 2*r. What is the tens digit of r?
1
Let g = 421 + -258. What is the hundreds digit of g?
1
Let j(u) = 4*u**2 + 4*u + 3. Let z be j(-4). Suppose 0 = -3*d - 0*d + 2*m + 52, 4*d = -m + z. What is the units digit of d?
4
Let p = -4 - -34. What is the tens digit of p?
3
Suppose 17*c - 24*c = -231. What is the units digit of c?
3
What is the tens digit of (16/(-40))/((-3)/345)?
4
What is the units digit of 12 + 3 - -3 - 1?
7
Suppose -20 = -2*l - 4*q, 2*l + 0*q = 5*q + 2. Suppose 0 = 3*g + 5*b - 18, 